r. Let o(w) = -w**3 + 14*w**2 - w - 37. What is o(g)?
-51
Let t = 13 - 11. Suppose -5*u + 16*u - 22 = 0. Let x(a) = u*a - 39 + 37 + 3*a. What is x(t)?
8
Let w = -192 - -201. Suppose 0 = 5*f + 2*y - 7, -2*f - w*y - 1 = -12*y. Let t(m) = 1 + 3*m - 7*m + 7*m**2 + 3*m. Calculate t(f).
7
Let i(r) = -45*r + 3. Let v = 3792 + -3792. Give i(v).
3
Let u(d) = -12*d - 19. Let o be -7 + (-91)/(-77) - 6/33. Calculate u(o).
53
Let r = 447 + 188. Let g = 637 - r. Let o(a) = a**2 + 1. Calculate o(g).
5
Suppose -5 - 51 = 4*o - 4*x, 3*x = 2*o + 33. Let q(k) = -23 + 19 + 10 + 2*k. Give q(o).
-12
Let o(q) be the second derivative of -q**5/20 + q**4/4 + q**3/2 - q**2 - 2*q. Let d = -701 - -406. Let s = d + 298. Give o(s).
7
Let v(j) = -7*j**3 - 2*j**2 - 10*j - 34. Let u(f) = 12*f**3 + 7*f**2 + 20*f + 56. Let l(o) = -3*u(o) - 5*v(o). Calculate l(-9).
-70
Let i = -212 - -1372. Let w(z) = -578*z - 579*z + i*z. Let g(k) = k**3 + 3*k**2 - 2. Let u be g(-2). What is w(u)?
6
Suppose 35*r - 44*r = 0. Let f(i) = 1 + r + 2 - i**3 + i + 8. Determine f(0).
11
Let m(t) be the first derivative of -t**4/4 + t**3 + 3*t**2/2 - 2*t - 1. Let i be (4/1 - 0)*(5 + (-555)/148). Calculate m(i).
-37
Let z(b) = 4*b**2 + 10*b + 19. Let y(d) = -5*d**2 - 9*d - 20. Let k(j) = -j**2 - 16*j + 4. Let p be k(-16). Let g(i) = p*z(i) + 3*y(i). Give g(-11).
-6
Let x be (-1)/(-1) + (-4 - -1). Let q(j) be the first derivative of j**2/2 - j - 24053. Determine q(x).
-3
Let o(d) be the third derivative of d**6/120 + d**5/10 - d**4/3 - 7*d**3/6 + 19*d**2. Let a be o(-7). Let g(w) = 690 - 685 + a*w - w. Determine g(-7).
12
Let x(s) be the third derivative of -s**5/60 + 17*s**4/24 - 9*s**3 - 5224*s**2. Give x(9).
18
Let l(s) = -s**3 + 5*s**2 + 6*s. Suppose -5*t - 5*j + 39 = -t, -3*t - 3*j = -27. Let w be l(t). Let b(z) = z**2 + 149 + z**3 + 2*z**2 - 2*z**2 - 131. Give b(w).
18
Let f(s) = s**2 + s + 1. Let i(k) = 7*k**2 + 22*k + 42. Let m(q) = -5*f(q) + i(q). What is m(-4)?
1
Let u(m) = m**3 + 10*m**2 - 4*m + 1. Suppose -3*j - 33 = -p, j - 5*p + 19 = -6. Determine u(j).
41
Let b(i) = -3*i + 1. Let o be (27/12)/((-4)/(-32)). Suppose w + o - 79 = 0. Let k = w - 60. What is b(k)?
-2
Let s(r) = -r + 5. Let y(i) = i**3 - 8*i**2 - 6*i + 12. Let q(g) = -g**3 + 8*g**2 + 5*g - 12. Let o(m) = -5*q(m) - 6*y(m). Let p be o(9). What is s(p)?
-1
Let i(a) = -9*a - 59. Let f = -32509 - -32498. Give i(f).
40
Suppose -10*s + 54 = 2*l, -3*l = -4*s + 6 + 8. Let d(f) = -f**3 + 5*f**2 - 16*f + 82. Calculate d(s).
2
Suppose 6 + 6 = -3*y. Let u = -9 - y. Let v(a) be the first derivative of a**2/2 + 9*a + 326. Calculate v(u).
4
Let l(m) be the first derivative of -m**3/3 - 18*m**2 - 318*m + 10301. Give l(-21).
-3
Let l(w) = w**3 - 13*w**2 - 10*w - 44. Let x = 9522 - 9508. Calculate l(x).
12
Let a = -23160 - -23167. Let o(s) = 37*s - 263. Calculate o(a).
-4
Let t(i) = i**3 - 2*i**2 - 3*i - 1. Suppose -7*z + 254 = 44. Let j be (z/135)/((-10)/(-9) - 1). Suppose 3*k = -2*f - 19, -5*k - 23 = f - j*f. Determine t(f).
-11
Suppose 50*g - 1182 = 150*g + 97*g. Let k(d) = -d - 4. What is k(g)?
2
Suppose 0 = 3*v + 3*v + 24. Let h be v + (-1 - -4 - 6). Let k(t) = -t**2 - 6*t - 7. What is k(h)?
-14
Let m(i) = -3*i - 92. Let l be (6/4)/(2/(-54)*12/8). Determine m(l).
-11
Let j(i) be the second derivative of -13*i**7/2520 + i**6/720 + i**5/120 - 5*i**4/6 + i**3/6 + 6*i. Let t(l) be the third derivative of j(l). Determine t(-1).
-13
Let j(f) = -f + 14. Let p be 4*3/48 - (-11)/4. Suppose 91 = 4*l + p*l. Let v be l + -11 - (-8 - 0). What is j(v)?
4
Let i be (14/(-4))/(17 - (3 - 232/(-16))). Let n(g) = -g**2 - 10*g + 103. What is n(i)?
-16
Let k(f) be the third derivative of -f**5/60 + f**4/24 + 2*f**3/3 - 1614*f**2. Let o = 4 - 4. Suppose 0 = -4*w + q - 17, o = 3*w + 4*q + q - 16. Calculate k(w).
-8
Let v(u) be the second derivative of 7*u**4 - u**3/6 - u**2 + 2977*u. Calculate v(-1).
83
Let m(k) = 5*k - 2. Let t(z) = -20*z + 341. Let v be t(17). What is m(v)?
3
Let b(k) = -3*k - 26. Let z be (-2*(-153)/(-68))/((-2)/(-4)). Calculate b(z).
1
Let c(s) = 38*s + 0 + 2 - 5 - 37*s. Let x(l) = -l**2 + 5*l - 1. Let k be x(2). Suppose 0*o + o = 5, k*o - 1 = 4*i. What is c(i)?
3
Suppose 3*w + 17 = -5*i - 35, w + 16 = -i. Let a be (27/63 - -6) + 6/w. Let b(d) = -8*d - d + 2*d + 9 + d**2. Determine b(a).
3
Let y(w) be the second derivative of w**5/30 - 5*w**4/24 + 3*w**3/2 - 2*w - 27. Let h(l) be the second derivative of y(l). Give h(4).
11
Let s = -5666 - -5666. Let n(m) = -m**3 + 3*m**2 + 8. What is n(s)?
8
Let w(t) = -t**3 + 7*t**2 + 0 + 3*t - 3*t + 21*t + 1 - 19*t. Give w(7).
15
Let x(p) = p**3 + 10*p**2 - 12*p - 14. Let r(i) = 7*i**2 + 54*i - 5. Let d be r(-8). Suppose 0 = -d*u - 47 - 74. What is x(u)?
-3
Let u(x) = -x**3 - x**2 - x + 1. Let t = -49 - -78. Let q = -30 + t. Let j(y) = -2*y**3 - y + 1. Let a(z) = q*j(z) + 3*u(z). Determine a(-2).
2
Let w(f) = -f**3 - 5*f**2 + f - 8. Let b(o) = -5*o**2 + 177*o - 491. Let c be b(3). What is w(c)?
-13
Let a be 4836/(-16)*(3 + -7). Let m(g) = 2414 - a - 1212 - 4*g. Determine m(0).
-7
Let c(h) = -46*h + 8. Let x(b) = 35*b - 6. Let m(i) = -16*c(i) - 21*x(i). Let u = 0 - -5. Suppose 18 + 17 = -u*w. Calculate m(w).
-9
Let p be (-170)/8 - (2025/(-100) + 21). Let w(a) = -a**2 - 21*a + 54. Determine w(p).
32
Let u(y) = 2*y + y + 5 - 2*y. Suppose -176 = 13*o - 11681. Suppose o = -8*k + 829. Determine u(k).
-2
Let g(v) = -9*v - 1. Let m(q) = 47*q + 6. Let z(j) = 11*g(j) + 2*m(j). Let f(n) = -n**2 + 4*n + 1. Let u be f(4). Determine z(u).
-4
Let s = 7690 - 7684. Let a(j) = 2*j - 25. Determine a(s).
-13
Let z(l) = 2*l**3 - 3*l**2 + 2*l - 3. Let r(x) = x + 57. Let c be r(-19). Suppose 6*u + c = 50. What is z(u)?
5
Let x be (48/(-64))/(1/4). Let y = -6 + x. Let n(f) = -2*f - 3. Give n(y).
15
Let o = 4 + -1. Let z(g) = g**2 - 10*g + 6. Let t(w) = -w**2 + 9*w - 5. Let p(m) = o*z(m) + 4*t(m). Let r be (6 - 1)*((-25)/(15/3) - -6). Determine p(r).
3
Let p(b) = b**2 - 11*b - 5. Let i = -188 + 190. Let q(z) = -5*z**2 + 45*z + 19. Let y(o) = i*q(o) + 9*p(o). Determine y(-3).
11
Let z(l) = 8*l + 53. Suppose -1017 = 12*u - 933. Determine z(u).
-3
Let l(t) = 3*t - 15. Let f be l(6). Let j be 2/f*36/12. Let m(s) = 77*s**2 + 4 + 0 + 5*s - 76*s**j. Determine m(-5).
4
Let y(w) = -8 + 0 + 10*w + 3*w + 2*w**2 - 4*w**3 - 9*w. Let r(a) = 5*a**3 - 5*a**2 - 5*a + 9. Let i(t) = 3*r(t) + 4*y(t). What is i(-7)?
-12
Suppose 43 - 192 = -54*k + 67. Let y(o) be the first derivative of 1/4*o**k - o**2 - 2*o**3 + 4*o + 7. Calculate y(6).
-8
Suppose -2*m = -0*m - 10. Let t(r) be the third derivative of r**6/120 - r**5/15 - r**4/6 + r**3/6 - 30*r**2 + 9*r. Give t(m).
6
Let w(p) be the second derivative of p**3/2 - 11*p**2 + 3*p + 84. Determine w(-6).
-40
Let y(h) = 2*h + 2*h - 16*h - 39 + 14*h. Calculate y(-20).
-79
Let a(u) = -84*u + 16. Let c(p) be the third derivative of 17*p**4/24 - p**3/2 - 2*p**2. Let n(x) = -2*a(x) - 11*c(x). Determine n(1).
-18
Suppose 54*c + 3*t = 52*c + 36, t = 3*c - 43. Let g(a) = -a**3 + 16*a**2 - 14*a - 11. Determine g(c).
4
Let a(k) be the third derivative of -k**6/120 + k**5/60 + k**4/24 - k**3/3 - 5*k**2. Suppose -w - 130 + 35 = 0. Let s = 93 + w. Calculate a(s).
8
Suppose -203*r = -239*r + 108. Let u(j) = 2*j**2 - 7*j + 7. What is u(r)?
4
Let x = -238 - -242. Suppose -1 = 3*j + c, 4*c = x*j - 2 + 30. Let h(a) = -3*a**3 - 3*a**2 - 2*a + 2. What is h(j)?
18
Let p(t) = 42316 + 5*t - 7*t + t**2 - 42335 + 25*t - 9*t. Determine p(-16).
13
Suppose -54*z + 10 = -49*z. Let o(m) = 4*m - 3*m**2 + 13 - 11 - m**2 + 5*m**z. What is o(-6)?
14
Suppose 6*k - 1 = 11. Let g be (0 - k)*15/(-6). Suppose 4*i + 0*i = -2*m - 2, 2*m - g*i + 20 = 0. Let d(z) = -z**2 - 5*z - 5. Give d(m).
-5
Let z be (-5)/((-108)/(-198) + 34/(-22)). Let i(m) = m**2 - 5*m - 1. What is i(z)?
-1
Suppose -27*v + 107 = 251 + 261. Let f(n) = 4*n - 30. Give f(v).
-90
Let h = -6 + 2. Let g(v) = 5*v**2 + 6*v - 3. Let p(y) = -7*y - 2*y**2 - 4*y**2 - 2 + 5. Let z(r) = -5*g(r) - 4*p(r). Determine z(h).
-5
Let d = 108 - 98. Let h(o) = d - 11*o**2 - 20 + o - o**3 + 6. What is h(-11)?
-15
Let b(f) = -16*f**2 + 174*f + 19. Suppose -121 = -561*j + 550*j. What is b(j)?
-3
Let g(y) be the second derivative of y**5/20 + y**3/2 - 4*y**2 + y - 4679. What is g(3)?
28
Suppose 5*l + 1 = 1